87 - m. What is the hundreds digit of o?
1
Let p = -10492 - -24293. What is the thousands digit of p?
3
Let y(p) = 2*p - 41. Let t be y(19). What is the hundreds digit of 30*13 + (-16)/12*t?
3
Let a(y) be the third derivative of y**4/24 + 151*y**3/3 - 2*y**2 - 80*y. What is the tens digit of a(-33)?
6
Suppose 141*v - 1570559 = 10*v. What is the ten thousands digit of v?
1
Let x be (0 - -6)*(-97 + 80). Let v = x - -1243. What is the hundreds digit of v?
1
Let p(d) = -d - 3. Let j(t) = 23*t**2 - 12*t - 58. Let b(v) = j(v) - 2*p(v). What is the units digit of b(-6)?
6
Let t be (-4)/(-3) - ((-572)/39 - -14). Suppose 0 = t*c - 7*a + 4*a - 3408, -2*c + 2*a = -3412. What is the hundreds digit of c?
7
Suppose n = -2*n + 1689. Suppose n = 3*u - 313. Suppose -u = -3*p - i, 4*p + p = -5*i + 490. What is the tens digit of p?
9
Let z(f) = f**2 + 4*f + 5. Let t be z(-3). Suppose -5*g - o = -488, t*g - 51 - 147 = o. Let r = -38 + g. What is the tens digit of r?
6
Suppose -7*y + 9146 = -7514. Suppose 53*k - 57*k = -y. Suppose -5*m + 640 = 4*o, 3*o = 5*m - 2*o - k. What is the hundreds digit of m?
1
Let x(v) = v**2 - 3*v - 8. Let u(a) = a**3 + a**2 + a + 5. Let m be u(0). Let b be x(m). Suppose -b*l + 4*l = 138. What is the units digit of l?
9
Let d(b) = b**3 - 90*b**2 + 369*b - 78. What is the units digit of d(86)?
2
Let c be (70/(-2) - -4) + 0. Let d = 33 + c. Let b(i) = 20*i**2 - i - 2. What is the units digit of b(d)?
6
Let s = -244 - -144. Let i = -109 - s. What is the tens digit of (13/2)/(i/(-126))?
9
Let v(c) = 142*c**2 + 22*c - 69. Let d(m) = -48*m**2 - 7*m + 23. Let i(n) = 11*d(n) + 4*v(n). What is the tens digit of i(4)?
6
Suppose -3*z + n = 1042, 0 = -3*z - z + 4*n - 1376. Let v = 578 + z. Let w = v - 138. What is the tens digit of w?
9
Let f = -21 + 24. Let a(x) = 15*x**2 - 3*x + 14. Let q be a(f). Let k = q + -72. What is the units digit of k?
8
Let r = 18029 - 10469. What is the tens digit of r?
6
Let b(p) = -p**2 - 15*p - 7. Let x = 36 - 50. Let i be b(x). Let v(f) = -f**3 + 9*f**2 - 11*f - 17. What is the units digit of v(i)?
4
Let b(f) = f**2 + 1. Let g(d) = 3*d**2 - 24*d + 1. Let r be -1*8*(-17)/(-34). Let l(p) = r*b(p) + g(p). What is the units digit of l(-13)?
0
What is the thousands digit of (51 + -54)/((-3)/4498) + 6?
4
Let u be (-1318)/(-10) + 0 - 1/(-5). Let n = u + -108. What is the tens digit of n?
2
Suppose -4*t - 2*s + 16188 = -8648, 2*s = 4*t - 24820. What is the units digit of t?
7
Suppose -14*k + 14 = -7*k. What is the tens digit of k/(-1) + (0 - 66)*-6?
9
Suppose 3*b + 8 = 20. Suppose 4*r - 3*x = 3035, -b*r + 454 = -x - 2587. What is the hundreds digit of r?
7
What is the thousands digit of 2/3*-3*3041005/(-110)?
5
Suppose 5*n = 5, 2*x + x - 3*n + 39 = 0. Let l be ((-4)/20 + x/15)*1. What is the tens digit of (-6)/(l/((-27)/(-6))) + -1?
2
Let q = -6708 + 13685. What is the units digit of q?
7
Let b be (-1)/(1/(-38)) - 0. Suppose 47*q - 43*q - 248 = 0. Let m = q - b. What is the units digit of m?
4
Suppose -w - 3*w + 48 = 0. Let n(f) = 3*f + 2*f - 61 + w*f + 63. What is the tens digit of n(2)?
3
Suppose 12*g + 7373 - 41371 = 114334. What is the tens digit of g?
6
Let m be (2 - 65/(-15))*6. Let a(f) = -f + 179. What is the hundreds digit of a(m)?
1
Suppose 54 = 2*p + 4*w, -3*w + 120 = 4*p + 22. Suppose -p*g + 2406 = -17*g. What is the hundreds digit of g?
4
Suppose 0 = 8*b + 141 - 669. Let v be ((-13)/((-117)/b))/(2/15). Suppose 0 = -2*i + 21 + v. What is the tens digit of i?
3
Let p be (-3372)/(-7) - 190/(-665). What is the tens digit of p + (28/(-7) - -5)?
8
Let k(d) = 14887*d**2 - 16*d + 8. What is the units digit of k(1)?
9
Let x(v) = -v**3 + 17*v**2 + v + 24. Suppose -u - 2 = -2*g + 9, -5*u = -4*g + 19. Let z be (g/4)/(9/102). What is the tens digit of x(z)?
4
Let m(c) = -c**3 + 7*c**2 - 5*c - 7. Let l be m(5). Suppose -6 = -f + b - l, 0 = 2*f - 5*b + 24. What is the units digit of (4/f)/((-4)/276 - 0)?
3
Suppose -11*c - 6*c = -901. Suppose -16 = -57*z + c*z. Suppose 25 = r + z*r, 54 = 4*j + 2*r. What is the tens digit of j?
1
Let g(l) = -2*l - 36. Let a be g(-19). Suppose n - 18 = -d + 47, -a*n = -2*d + 126. Suppose d*w - 62*w - 70 = 0. What is the tens digit of w?
3
Let l be ((-7)/(-3) + -2)*3. Let c = 2117 - 2113. What is the tens digit of c*((-115)/(-5) - l)?
8
Let h be -4 - (140 + (-8)/4). Let s = h - -199. Suppose -s - 96 = -l + 2*r, 4*l + 5*r = 651. What is the units digit of l?
9
Let j(z) = 408*z**3 - 20*z**2 + 7*z - 14. What is the hundreds digit of j(3)?
8
Let s be (-3)/(-2)*80/6. Let c be -4*(6/s)/(3/15). Let b(l) = 6*l**2 - 7*l + 10. What is the hundreds digit of b(c)?
2
Suppose -w - l = -7060, w - 4*l + 0*l = 7105. What is the tens digit of w?
6
Let m(h) = 6*h**2 - 2. Let i be m(1). Suppose -10 = f + i*u + 9, 3*f - u - 8 = 0. What is the units digit of (f - (1 + 1 - 2)) + 35?
6
Let h(d) = 6*d**2 - 19*d + 1. Let c = 1 + -7. What is the tens digit of h(c)?
3
Let t(g) = 9*g**2 - 41*g + 20. Suppose -8*a + 4*l = -5*a - 38, -a + 5*l + 20 = 0. What is the units digit of t(a)?
0
Let b be (-6)/(-18) - (-70)/6. Let n(x) = -x + 1. Let k(g) = -28*g + 43. Let y(t) = -k(t) + 6*n(t). What is the tens digit of y(b)?
2
Let n(c) = 417*c - 514. Let i(u) = -139*u + 172. Let f(w) = 17*i(w) + 6*n(w). What is the hundreds digit of f(7)?
8
Suppose 4290 = -3*p + 5*t + 13255, -20 = -5*t. What is the thousands digit of p?
2
Suppose -7 = 2*v - 13. Suppose -3*s + 12 = -v*z, z + 10 = -3*z + s. What is the units digit of (-281)/8*z + (-9)/(-12)?
1
Suppose 0 = -22*y - 134*y + 2320032. What is the hundreds digit of y?
8
Suppose -18 = -6*m + 12*m. Let q be (m + 5)/(-3 + 11/3). Suppose 2*b = -q*s + 409, -4*s = 3*b - s - 606. What is the units digit of b?
7
What is the thousands digit of 7/3 - (-21 - 1342/(-66)) - -15150?
5
Let z(c) = 15*c - 37. Let m be z(4). Let v(h) = h - 27. Let s be v(m). What is the tens digit of ((-178)/s)/(1/2)?
8
Let g = -15476 + 27359. What is the tens digit of g?
8
Let r = -407 - -410. Let l(y) = 6*y**2 - y. Let q be l(1). Suppose 2*b - q*v - 476 = 0, -r*b + 3*v + 714 = -v. What is the hundreds digit of b?
2
Let a(b) = -475*b + 464. What is the thousands digit of a(-7)?
3
Let d(y) = y - 8. Let t be d(11). Suppose -30 + 6 = -t*w + 4*v, 3*w + 3*v - 24 = 0. Suppose p = w*p - 371. What is the units digit of p?
3
Let c(r) = -39*r + 14. Let f(x) = -19*x + 7. Let p(j) = 3*c(j) - 7*f(j). Suppose -3*m - 47 = -4*y, 20 = 2*m - 6*m. What is the tens digit of p(y)?
2
Suppose 325*m + 55*m = 39*m + 24535291. What is the tens digit of m?
5
Let i(h) = 89*h**2 + 60*h + 2. What is the units digit of i(-17)?
3
Let p(h) = h**2 - h. Let u(k) = -k**3 + 35*k**2 + 8*k + 222. Let i(b) = -2*p(b) + u(b). What is the hundreds digit of i(33)?
5
Suppose 113*i - 99328 = -2*k + 115*i, 0 = -2*k + 3*i + 99331. What is the thousands digit of k?
9
What is the units digit of ((-69)/(-6) + (-9)/9)/((-7)/(-30562))?
3
Let s = 39039 - -31114. What is the units digit of s?
3
Let s(y) = 3*y**2 + 7*y + 12. Let t be s(8). Let z = -223 + t. What is the tens digit of z?
3
Let p be (2/(-8))/((-366)/72 + 5). Suppose 5*n = -4*o + 2701, 13*o - p*n - 2725 = 9*o. What is the tens digit of o?
7
Let p = -3008 - -3898. What is the units digit of p?
0
Suppose j + 57 = 86. Let y(s) = -3*s - 7*s + 9*s + j. What is the tens digit of y(0)?
2
Let z = 25 - 17. Let x = z + -16. Let h = x - -9. What is the units digit of h?
1
Let m be 13/(((-9)/(-54))/((-2)/(-12))). Suppose -7 = -s + 3*k, m = -2*s + k + 2. Let x(c) = c**2 - c - 25. What is the tens digit of x(s)?
4
Let b(o) = o**2 - 8*o - 4. Let u be b(6). Let z be -345*(u/12 + 4). What is the units digit of 2/(-26)*-2 - z/104?
9
Suppose 5*k - 7*k + 78 = 2*g, 158 = 4*g + 5*k. Suppose -g = 15*i - 112. Suppose -i*v - 468 = -7*v. What is the units digit of v?
4
Suppose 445060 = 26*z + 93*z. What is the tens digit of z?
4
Let c(o) = 4*o + 3. Let m be c(-4). Let d(u) = 2*u - 7*u + 34328 - 34314. What is the units digit of d(m)?
9
Let h be 30/150 + 2/(10/9). Suppose a = -5*x + 373, 4*a + h*x = 3*a + 376. What is the tens digit of a?
7
Let a(l) = -61*l - 28. Let f be a(-5). Suppose 12*m + f = 13*m. What is the tens digit of m?
7
Let j(u) = -u**3 + 6*u**2 - 8*u + 17. Let x be j(5). Suppose x*v - 356 = -2*q, -7*v = -2*q - 5*v + 340. What 